5*u(d). Let z be 3/(-6)*-6 + -1. Suppose 0 = 3*l - 4*v - 24, l = -0*l + z*v + 10. Give w(l).
6
Let d be 1 - 0 - (0 + -1). Suppose -4*j + 16 = 4*v, 2*v + 0*v - 4*j = -10. Let l(o) = 2*o**2 + 0*o**3 - o**2 - o**3 - v. Calculate l(d).
-5
Let u(l) = -2 - 94*l + 95*l + 0. Let c(y) = -y**3 - 6*y**2 - 7*y - 7. Let o be c(-5). What is u(o)?
1
Let t(r) be the first derivative of r**4/12 + 7*r**3/6 - r**2 + r + 4. Let q(z) be the first derivative of t(z). Determine q(-7).
-2
Let l(g) = -g - 2. Let j be ((-15)/(-30))/(2/24). Give l(j).
-8
Let l(f) = -6 - 6*f**2 + 2*f**2 - 3*f + 5*f**2. Determine l(5).
4
Let n(q) = -q**3 + 3*q**2 - 2*q + 3. Let c = -27 + 30. Give n(c).
-3
Suppose 2 = s - 0*s. Suppose 4*u - 26 = -0*u - s*c, -15 = -2*u - 3*c. Let f be ((-8)/u)/((-4)/(-6)). Let t(h) = 2*h**3 + 3*h**2 - 2. Determine t(f).
-6
Let f(h) = 15*h**3 + 9*h**2 + 13*h + 17. Let m(k) = 7*k**3 + 4*k**2 + 6*k + 8. Let n(d) = -6*f(d) + 13*m(d). Calculate n(2).
2
Let x be (-12 - -17) + (0 - 3). Let c(l) be the third derivative of -x*l**2 + 0 + 1/8*l**4 + 0*l + 1/6*l**3. Determine c(-1).
-2
Let w(a) = -3*a**2 - a**3 - 3 + 1 + 3. Suppose 12 = 9*g - 13*g. Determine w(g).
1
Let w(a) be the second derivative of a**5/20 - a**4/2 - 3*a**3/2 - 2*a - 2. Give w(7).
-14
Suppose -3*a - 5*m = -33, -5*a + 0*m + 42 = 4*m. Let g(k) = 2*k - 5. Give g(a).
7
Let w = 7 - 8. Let z(i) = -11*i**2. Calculate z(w).
-11
Suppose 8*j - 16 = 4*j. Let f(k) = -j + 3*k - 1 - 2. Determine f(5).
8
Let q(c) be the third derivative of -1/3*c**3 + 0*c + 5*c**2 + 0 - 1/12*c**4 + 1/15*c**5. Determine q(2).
10
Let h(u) = -10*u. Let n be h(-1). Suppose -5*r = -i + 26, -3*i + 8*i + 3*r = -n. Let j(f) = -6*f**3 - 2*f**2 + 2*f - 1. Determine j(i).
-7
Let k(i) = 2*i**3 + 2*i**2 - i + 2. Let n be (12/30*1)/((-1)/5). Determine k(n).
-4
Let h be 3 + 6/((-2)/1). Let v(m) = m - 4. Let x be v(6). Let w(q) = -2*q + 5 - q + h*q - q**x. What is w(-5)?
-5
Let p(i) be the second derivative of -1/3*i**3 - 1/20*i**5 - i**2 - 2*i + 5/12*i**4 + 0. Let v be 5/2*8/10. What is p(v)?
6
Let n(i) = -i**2 - i + 1. Suppose -5*m + 3 = -5*j - 2, 0 = 2*j - m + 3. Let q be (-10)/15 - j/3. Let h be n(q). Let d(y) = 6*y**2. Give d(h).
6
Let b(h) = h**2. Let o(p) = -p**3 - 2*p**2 - 5*p - 6. Let d(n) = -3*b(n) + o(n). Let v be 14/(-1) + (-15 - -16). Let y = v - -9. Determine d(y).
-2
Let r(n) = -2 + 0 + 2 + 5*n + 2*n**2 + 3. Let m be 6*1/(-3)*-1. Let l = -1 - m. Calculate r(l).
6
Let f = -9 + 11. Let t(h) = -3 + 10*h + 5 - 1 - f. Calculate t(-1).
-11
Let o be ((-10)/(-4))/((-1)/2). Let a(t) be the third derivative of 3*t**2 + 0*t + 1/24*t**4 + 0 - 1/2*t**3. What is a(o)?
-8
Let w(t) = 3*t - 3. Suppose -7 - 5 = -3*m. Suppose 2*y - 14 = -m*b, 0*y = -4*b + y + 29. Calculate w(b).
15
Let a(b) = -b**3 + 2*b**2 + 3*b - 1. Let t(v) = -v**2 + 6*v - 2. Let h be t(5). What is a(h)?
-1
Let b(r) = -11*r**2 - r - 1. Let t be b(-1). Let x = t - -16. Let v(p) = -3*p + p**2 - 3 - 2 + 1. Calculate v(x).
6
Let h(o) = -o**3 - 6*o**2 - o + 6. Suppose b + 73 = -3*a, 0 = -3*a - 0*b + 5*b - 85. Let j = 19 + a. What is h(j)?
12
Let s(g) = g - 2. Let y be s(7). Suppose -12 = -y*z + 2*z. Let x(o) = 3*o - 6. Give x(z).
6
Let p(b) = -3*b + 3. Let u(x) = 17*x - 12. Let k(q) = 144*q - 102. Let o(c) = -5*k(c) + 42*u(c). Let y(t) = -3*o(t) + 5*p(t). Determine y(2).
3
Suppose -3*w = 2*w - 5. Let v(g) = -7*g - 5 + 3 + 6*g + w. Determine v(0).
-1
Let q(a) = 3*a**3 - 9*a**2 - 1. Let t(x) = -x**3 + 5*x**2. Let j(h) = -2*q(h) - 5*t(h). Give j(-7).
2
Let i(a) = -a**3 + 6*a**2 - 1. Let b be (4/6)/((-3)/(-27)). Calculate i(b).
-1
Let t(l) = 5*l + 5. Let o(g) = 5*g + 6. Let v(a) = -4*o(a) + 5*t(a). Give v(1).
6
Let w(g) = -3*g**3 - 9*g**2 + 7*g - 3. Let h(n) = -4*n**3 - 14*n**2 + 11*n - 4. Let f(d) = -5*h(d) + 7*w(d). Calculate f(6).
-1
Let o(t) = t**3 + 4*t + 3 + 0 + 4*t**2 + t**2. Let a = -52 - -50. Determine o(a).
7
Let b(w) = w**3 - 2*w**2 - w - 1. Let z = 6 - -5. Suppose 3*u - 38 = -z. Let m be (-1 + u/7)*7. Give b(m).
-3
Let o(j) be the second derivative of -j**4/12 + 7*j**3/6 + 11*j**2/2 - 3*j + 15. Determine o(8).
3
Let s = -813 - -816. Let d(j) = 4 - 4 - j + j**2 + 1. Give d(s).
7
Let m(b) = 2*b**3 - b**2 - b - 1. Suppose 0*w - 5 = w. Let g be (6/w)/(3/15). Let k be ((-1)/3)/((-2)/g). Give m(k).
-3
Let s(v) be the third derivative of v**5/60 - 7*v**4/24 + 2*v**3/3 + v**2. Suppose -a - 4 = 0, 0*z - 45 = -5*z + 5*a. Calculate s(z).
-6
Let s(r) = -r**3 - r**2 + 4*r + 3. Let u be s(-3). Let f(y) = u*y + 7*y + 3 - 19*y. Determine f(3).
-6
Suppose 4*i - 4*g - 20 = 0, 2*g - 4*g = -4*i + 18. Let m(o) = 3*o**2 + 5 - i + 5 + 3*o - o**3 - 2. Calculate m(4).
0
Suppose -5*v + 4*j + 11 = 0, 0 = 4*v + j - 3 - 10. Let k(n) be the third derivative of -n**4/24 + n**3/3 + 5*n**2. Give k(v).
-1
Let z(j) = j**3 + j**2 - 4*j - 3. Let g(l) = l - 9. Let r be g(7). Calculate z(r).
1
Suppose g = 4*g + 12. Let l be 1/(4/(-4))*g. Let q(c) = c**3 - 3*c**2 - 6*c + 3. Calculate q(l).
-5
Let r = 2 - -2. Suppose 0 - 12 = 4*q. Let w(n) = 4*n**3 - 7*n**2 + 4*n - 5. Let y(c) = -5*c**3 + 8*c**2 - 5*c + 5. Let p(d) = q*y(d) - 4*w(d). Determine p(r).
1
Let l(w) be the first derivative of -w**3/3 - 7*w**2/2 + 4*w + 5. Give l(-7).
4
Let i = -34 - -20. Let z = -9 - i. Suppose -z*x = 4 + 1. Let v(a) = 5*a**2 - a - 1. Give v(x).
5
Let t(o) = 4*o - 2. Let v be (1 - -5)*17/(-34). Give t(v).
-14
Let p(a) = 3 - 3*a**2 + 10*a**2 + 4 - 4*a**3 + 9*a + 5*a**3. Give p(-6).
-11
Let v(x) be the first derivative of -x**4/4 + x**3 - 3*x**2/2 + x - 8. Give v(2).
-1
Let v(l) be the second derivative of 2/3*l**3 + 0 + 1/12*l**4 + 2*l**2 + l. Determine v(-3).
1
Let t(m) = 3*m - 8*m - 5*m. What is t(1)?
-10
Let t(h) = -h - 2. Let m(q) be the first derivative of -2 + 1/2*q**2 + 3*q. Let j be m(-8). Give t(j).
3
Let v = 27 + -18. Let n(p) = p + p**2 + 0*p - v*p + p + 1. Give n(5).
-9
Let o be (-4)/24 + -3 + (-55)/(-6). Let r(f) = f**2 - 4*f - 8. Determine r(o).
4
Let z(x) = -x**2 + 3*x - 2. Let f(v) = -4*v + 2. Let d = 5 + -7. Let k be f(d). Suppose -5*n + k = -0*n. Give z(n).
0
Let v(s) = 7*s**2 + 21 - 16 - s**3 - s - s**2. Give v(6).
-1
Let x(f) = -5*f**2 - 4*f - 2. Let g(a) = a. Let n(h) = -3*g(h) - x(h). Let o(t) = -4*t**2 - t - 3. Let u(y) = -3*n(y) - 4*o(y). Give u(0).
6
Let r(b) = b**3 + 5*b**2 + 5*b + 2. Let j(l) = -l**2 - 5*l - 3. Let w be j(-5). Let c be r(w). Let n = -9 + c. Let x(o) = o + 4. Calculate x(n).
0
Suppose -11 = -4*c - 3. Let j(w) = 0*w**3 - 2*w**c + w**2 + 2*w**3 - w**2 - 2. Give j(2).
6
Let m(g) = 6*g - 12. Let o(z) = z - 1. Let s(q) = -m(q) + 5*o(q). Determine s(5).
2
Let s(j) be the second derivative of -1/12*j**4 + 3*j - 9/2*j**2 - 4/3*j**3 + 0. Determine s(-6).
3
Let r(y) be the third derivative of y**5/60 + y**4/8 - 2*y**3/3 + 2*y**2 + 23*y. What is r(-3)?
-4
Let q(v) = 4 - 5*v + v - 7. What is q(-4)?
13
Let g(x) = -x - 1. Suppose 5*y - 25 = -15. Let b(k) = -k - 2. Let l be b(y). Calculate g(l).
3
Let h(c) be the third derivative of c**5/60 - c**4/24 + 3*c**2. Let f = 13 - 12. Determine h(f).
0
Let t(i) = -i**2 - i + 7. Let o be t(-3). Let p(u) = -4*u**3 + 2*u**2 - u. Calculate p(o).
-3
Let f(w) be the third derivative of w**8/5040 + w**6/720 - w**5/20 - 3*w**2. Let h(a) be the third derivative of f(a). Suppose 3*j = -5 + 2. Give h(j).
5
Let f(s) = -5*s + 6*s + 4 - 3 - 7*s. Determine f(1).
-5
Let n = 15 + -10. Suppose 4*o - 3*t + 6 = o, 10 = o - n*t. Let f(p) = -p**2 - 7*p - 7. What is f(o)?
3
Suppose 4*u - 15 = u. Let y(w) be the third derivative of 1/24*w**4 - 1/6*w**3 + 2*w**2 + 0 - 1/120*w**6 + 0*w + 1/12*w**5. Calculate y(u).
4
Let n(i) = i**2 - 2*i. Let g be n(1). Let x(s) = 1. Let k(q) be the first derivative of -2*q**2 + 2*q + 2. Let h(m) = g*k(m) + 5*x(m). Determine h(-2).
-5
Let a(r) = r + 9. Suppose -15 = 3*g - 3*p, -3*p - 2 = 4*g + 11. Let u = g + 0. What is a(u)?
5
Let d(w) = 0*w**3 + w**3 - 3*w - 4*w**2 - w + 5 - 1. What is d(5)?
9
Let h(u) be the second derivative of -u**5/20 - u**4/12 + 19*u. Determine h(-1).
0
Let c(g) be the second derivative of 0 - 7/10*g**5 - 4*g + 1/6*g**4 + 1/2*g**2 - 1/3*g**3. Give c(1).
-13
Let d = 7 - 6. Suppose -3*o + 37 - 10 = 0. Let h(v) = 5*v**2 - 4*v**2 + o*v - 8*v. What is h(d)?
2
Let c(t) = -4 - 2*t**2 + t**2 + 7 - 7*t. Let u be c(-7). Let v(l) = 5*l - 46. Let